divisor of 1634 and 86?
86
What is the greatest common factor of 24 and 1528?
8
What is the highest common factor of 228 and 48?
12
What is the highest common divisor of 1513 and 136?
17
What is the highest common factor of 222 and 12?
6
What is the greatest common divisor of 1106 and 14?
14
Calculate the greatest common divisor of 96 and 36.
12
Calculate the greatest common factor of 4800 and 2592.
96
What is the highest common divisor of 14 and 60662?
14
What is the highest common divisor of 329 and 21?
7
Calculate the greatest common factor of 55 and 715.
55
Calculate the highest common factor of 38 and 14858.
38
What is the highest common divisor of 20 and 1030?
10
Calculate the greatest common divisor of 13 and 208.
13
What is the greatest common factor of 126 and 28?
14
Calculate the highest common divisor of 4256 and 1197.
133
Calculate the highest common divisor of 59 and 472.
59
Calculate the highest common divisor of 88 and 66.
22
Calculate the highest common divisor of 448 and 504.
56
What is the greatest common divisor of 5 and 185?
5
What is the greatest common divisor of 148 and 222?
74
What is the highest common factor of 6285 and 15?
15
Calculate the highest common divisor of 14 and 287.
7
What is the highest common divisor of 1 and 61?
1
What is the highest common factor of 340 and 918?
34
Calculate the highest common factor of 196 and 12.
4
Calculate the greatest common divisor of 78 and 24.
6
Calculate the highest common divisor of 18 and 9.
9
Calculate the greatest common divisor of 837 and 217.
31
What is the highest common divisor of 4 and 2188?
4
What is the highest common divisor of 272 and 1462?
34
Calculate the greatest common divisor of 1000 and 750.
250
Calculate the highest common factor of 60 and 225.
15
What is the highest common divisor of 3431 and 47?
47
Calculate the highest common divisor of 33 and 1434.
3
Calculate the highest common divisor of 48 and 282.
6
What is the highest common factor of 24 and 200?
8
Calculate the highest common divisor of 54 and 954.
18
What is the highest common divisor of 474 and 132?
6
What is the greatest common divisor of 8 and 32?
8
Calculate the highest common divisor of 8 and 673.
1
What is the greatest common factor of 462 and 44?
22
Calculate the greatest common divisor of 1 and 37.
1
Calculate the greatest common divisor of 8 and 216.
8
What is the highest common divisor of 2150 and 50?
50
What is the highest common divisor of 2028 and 12?
12
Calculate the greatest common factor of 224 and 14.
14
Calculate the greatest common factor of 12 and 768.
12
Calculate the highest common factor of 115 and 69.
23
What is the highest common factor of 51 and 12?
3
What is the highest common divisor of 434 and 28?
14
What is the greatest common divisor of 1600 and 64?
64
Calculate the highest common factor of 182 and 14.
14
What is the highest common factor of 345 and 1564?
23
Calculate the greatest common divisor of 112 and 140.
28
Calculate the highest common divisor of 244 and 61.
61
What is the greatest common divisor of 5797 and 22?
11
What is the highest common divisor of 90 and 72?
18
Calculate the greatest common divisor of 45252 and 324.
108
Calculate the greatest common factor of 199 and 35621.
199
Calculate the greatest common divisor of 108 and 12.
12
Calculate the highest common divisor of 16 and 400.
16
What is the greatest common factor of 25 and 1?
1
What is the highest common divisor of 108 and 708?
12
Calculate the greatest common divisor of 3410 and 248.
62
What is the greatest common factor of 468 and 1287?
117
Calculate the highest common factor of 29 and 38.
1
What is the greatest common factor of 2184 and 21?
21
Calculate the highest common factor of 1209 and 273.
39
What is the greatest common factor of 792 and 228?
12
Calculate the highest common factor of 98 and 8722.
98
Calculate the greatest common factor of 4087 and 67.
67
Calculate the highest common factor of 2320 and 1595.
145
Calculate the highest common divisor of 169 and 1.
1
Calculate the highest common divisor of 1196 and 12.
4
Calculate the highest common factor of 108 and 252.
36
Calculate the highest common divisor of 364 and 988.
52
Calculate the highest common divisor of 4 and 696.
4
What is the highest common factor of 3285 and 45?
45
What is the highest common factor of 72 and 184?
8
Calculate the highest common factor of 18 and 6687.
9
Calculate the greatest common divisor of 61 and 2.
1
Calculate the highest common factor of 9 and 477.
9
Calculate the greatest common factor of 1050 and 25.
25
What is the highest common divisor of 403 and 26?
13
Calculate the greatest common divisor of 69 and 21.
3
What is the highest common factor of 2970 and 462?
66
Calculate the highest common factor of 644 and 4025.
161
Calculate the highest common factor of 24 and 1500.
12
Calculate the highest common factor of 14 and 1694.
14
What is the highest common factor of 2263 and 155?
31
Calculate the greatest common factor of 2460 and 144.
12
What is the greatest common divisor of 425 and 325?
25
What is the greatest common divisor of 39 and 2613?
39
What is the greatest common factor of 574 and 686?
14
Calculate the greatest common divisor of 15 and 4155.
15
Calculate the greatest common divisor of 1670 and 10.
10
What is the greatest common factor of 90 and 3960?
90
What is the highest common divisor of 2742 and 6?
6
Calculate the greatest common factor of 18 and 282.
6
Calculate the greatest common divisor of 3267 and 847.
121
What is the greatest common divisor of 1864 and 8?
8
Calculate the highest common divisor of 17 and 272.
17
What is the highest common factor of 8 and 1032?
8
Calculate the greatest common divisor of 1394 and 82.
82
What is the greatest common factor of 228 and 513?
57
What is the highest common factor of 2366 and 1092?
182
What is the greatest common factor of 45 and 240?
15
Calculate the highest common divisor of 102 and 4233.
51
Calculate the highest common divisor of 288 and 81.
9
Calculate the greatest common factor of 72 and 171.
9
What is the greatest common divisor of 36 and 16?
4
Calculate the highest common divisor of 17 and 3961.
17
Calculate the highest common factor of 3256 and 440.
88
What is the highest common divisor of 1125 and 400?
25
Calculate the greatest common factor of 108 and 4.
4
Calculate the greatest common divisor of 2385 and 106.
53
Calculate the greatest common divisor of 16 and 500.
4
What is the greatest common factor of 259 and 37?
37
What is the greatest common divisor of 219 and 73?
73
What is the highest common factor of 87 and 3?
3
Calculate the highest common factor of 45 and 477.
9
Calculate the highest common factor of 630 and 280.
70
Calculate the greatest common divisor of 10644 and 48.
12
Calculate the greatest common divisor of 3939 and 1209.
39
What is the highest common factor of 2277 and 46?
23
Calculate the highest common factor of 9545 and 115.
115
What is the greatest common divisor of 693 and 1463?
77
Calculate the highest common divisor of 572 and 104.
52
Calculate the highest common divisor of 138 and 207.
69
Calculate the greatest common factor of 135 and 19143.
27
Calculate the highest common factor of 176 and 121.
11
What is the highest common factor of 1190 and 224?
14
Calculate the greatest common divisor of 81 and 153.
9
Calculate the greatest common divisor of 99 and 979.
11
What is the highest common factor of 34 and 2414?
34
Calculate the greatest common divisor of 824 and 103.
103
What is the greatest common divisor of 128 and 1328?
16
What is the greatest common divisor of 34344 and 12?
12
Calculate the highest common divisor of 1521 and 9.
9
Calculate the highest common divisor of 990 and 4590.
90
Calculate the highest common factor of 592 and 74.
74
Calculate the greatest common factor of 57 and 39.
3
What is the greatest common divisor of 445 and 5?
5
Calculate the greatest common divisor of 72 and 558.
18
What is the highest common factor of 35 and 85?
5
What is the highest common divisor of 4270 and 70?
70
What is the highest common divisor of 21 and 3801?
21
Calculate the greatest common divisor of 24 and 2304.
24
Calculate the highest common divisor of 954 and 371.
53
Calculate the highest common factor of 90